b
In base 4, what is 2120201 - -111?
2120312
In base 8, what is -2552 + 3?
-2547
In base 6, what is -52151014 - 4?
-52151022
In base 14, what is -273 + 42?
-231
In base 8, what is 17226 + 4?
17232
In base 2, what is -1 + 1011101010101010111?
1011101010101010110
In base 8, what is -255 + 16313?
16036
In base 15, what is -e20b4 + 5?
-e20ae
In base 9, what is 700 - -435?
1235
In base 8, what is 7045326 + 0?
7045326
In base 2, what is 10000 - -11100111100?
11101001100
In base 15, what is 34 + -319a?
-3166
In base 13, what is 8734 - -3?
8737
In base 9, what is 4 + 1080?
1084
In base 15, what is 1b + 4aa6?
4ac2
In base 8, what is 52566 - -4?
52572
In base 9, what is -1 - 160685?
-160686
In base 9, what is -142135 + -11?
-142146
In base 8, what is 113 - -12200?
12313
In base 14, what is a - -c5b?
c67
In base 7, what is 215146 + 46?
215225
In base 13, what is -1 + -43a70?
-43a71
In base 7, what is 5 - 110030?
-110022
In base 7, what is -5 + -2051?
-2056
In base 5, what is -21223 - -32333?
11110
In base 10, what is -524113 - 3?
-524116
In base 11, what is -13a500 + 11?
-13a49a
In base 3, what is -120210202 + 0?
-120210202
In base 3, what is -120000 + -22020100?
-22210100
In base 10, what is -1 - -1614?
1613
In base 4, what is 132001 - -1?
132002
In base 4, what is -10032213 - 11?
-10032230
In base 15, what is 3 - -153?
156
In base 2, what is 0 - 10111000100110?
-10111000100110
In base 14, what is 188 - -2db2?
315a
In base 15, what is b0 - -5b4?
674
In base 10, what is 0 + -615772?
-615772
In base 7, what is -23 - -20564?
20541
In base 5, what is 11143401 + 10?
11143411
In base 16, what is -27ee - 3f?
-282d
In base 5, what is -1 - 43021201?
-43021202
In base 7, what is -5 - -152240?
152232
In base 11, what is -4 + 23387?
23383
In base 4, what is 0 + -1011123?
-1011123
In base 13, what is -4 - 1cc?
-203
In base 8, what is -36 - -123327?
123271
In base 11, what is -6644 - -17?
-6628
In base 15, what is -36ae - 5?
-36b4
In base 15, what is -c35b - -1?
-c35a
In base 8, what is -376765 + 1?
-376764
In base 2, what is 10001111000 - 11110101100?
-1100110100
In base 4, what is 1 + 313230?
313231
In base 3, what is 1 + 10222012212?
10222012220
In base 16, what is -e + -d30?
-d3e
In base 7, what is -1261 - -4445?
3154
In base 7, what is 101 + -56630?
-56526
In base 7, what is -305403 - -26?
-305344
In base 16, what is -d - 3e2?
-3ef
In base 11, what is -3 - 20160?
-20163
In base 4, what is -2 - 31023321?
-31023323
In base 13, what is 4 + 1c02a8?
1c02ac
In base 15, what is 141b - -15?
1431
In base 13, what is -11 + -104b7?
-104c8
In base 2, what is 100 + 1011000110000000?
1011000110000100
In base 15, what is ee9 + -6?
ee3
In base 3, what is 2121 - -2022100?
2101221
In base 7, what is 563 - 14?
546
In base 11, what is a79311 + 1?
a79312
In base 15, what is -4 + 5745?
5741
In base 15, what is c5 + 2a3?
378
In base 6, what is 2450 - 0?
2450
In base 5, what is -342112202 - -10?
-342112142
In base 13, what is 2 - -26c4?
26c6
In base 10, what is -4 - 123638?
-123642
In base 13, what is 598a + -6a?
5920
In base 10, what is 4 - -405866?
405870
In base 9, what is -274 - -22682?
22407
In base 6, what is -25453 - -133?
-25320
In base 14, what is 7 - 2c46?
-2c3d
In base 14, what is -d - -b85?
b76
In base 15, what is -33 - 6b?
-9e
In base 13, what is ba4 - -6a?
c41
In base 11, what is 1a + 26652?
26671
In base 5, what is -10 - -23314?
23304
In base 16, what is 2 + -84eb7?
-84eb5
In base 8, what is 7661 - -12?
7673
In base 6, what is -4 + -145552?
-150000
In base 10, what is -86 - -5030?
4944
In base 9, what is 3 - 2588?
-2585
In base 16, what is 442cd + 12?
442df
In base 12, what is 2646 - 2?
2644
In base 6, what is -20415442 + 5?
-20415433
In base 7, what is 263535 + -3?
263532
In base 9, what is 13 - -584?
607
In base 8, what is 26 - -156?
204
In base 9, what is 2 + -7765?
-7763
In base 10, what is 24687 + -12?
24675
In base 11, what is -6a84 - -6?
-6a79
In base 13, what is -9b1 + -a?
-9bb
In base 16, what is 4 - 10d5?
-10d1
In base 5, what is 331232 - 2?
331230
In base 4, what is 0 + -101231303?
-101231303
In base 15, what is 0 - -a3bea?
a3bea
In base 11, what is -3a42 - -1?
-3a41
In base 5, what is -21021341 + -4?
-21021400
In base 3, what is 122221 + 110100?
1010021
In base 13, what is -2c0 + 4ac3?
4803
In base 7, what is -2 - 16510?
-16512
In base 16, what is -80 + 6d?
-13
In base 8, what is 213 - -252?
465
In base 3, what is 2020 + -1011?
1002
In base 6, what is 3310112 + 3?
3310115
In base 9, what is 74 + 2673?
2757
In base 10, what is -5 + -51416?
-51421
In base 3, what is 200200221 - 10?
200200211
In base 7, what is 26166 - 2?
26164
In base 10, what is -14552 + -134?
-14686
In base 5, what is -32200431 - 3?
-32200434
In base 3, what is 12200111111 + 0?
12200111111
In base 4, what is 1 + 112103213?
112103220
In base 5, what is 0 - 133212410?
-133212410
In base 8, what is -2167 - -37?
-2130
In base 15, what is 1b + -6c13?
-6be7
In base 12, what is -6367 - 5?
-6370
In base 2, what is -100010111011011101 - -110?
-100010111011010111
In base 2, what is 101110111100 + -10010?
101110101010
In base 3, what is 1001201 + 111?
1002012
In base 16, what is -31f208 - 1?
-31f209
In base 14, what is -63 + 8c?
29
In base 2, what is 101011101100010100 + 11?
101011101100010111
In base 13, what is 366 - -5?
36b
In base 11, what is -5 - -427a?
4275
In base 13, what is -2 + -37873b?
-378740
In base 9, what is -213 - -38?
-164
In base 7, what is -10 + 11611?
11601
In base 14, what is 9895 - 2?
9893
In base 6, what is 30222 + -15?
30203
In base 16, what is 3 + 44876?
44879
In base 9, what is 4 + -16138?
-16134
In base 6, what is -4 - 444024?
-444032
In base 10, what is -47 + 37?
-10
In base 12, what is -3 - -115?
112
In base 2, what is 110 + 110100000011011?
110100000100001
In base 11, what is -72043 + -1?
-72044
In base 6, what is -3 - 1114253?
-1114300
In base 13, what is 470 + 24?
494
In base 14, what is -2 + -1479?
-147b
In base 3, what is 1021122212 - 12?
1021122200
In base 6, what is -5505301 + 0?
-5505301
In base 7, what is -3 + -5613022?
-5613025
In base 15, what is -5 - -2157?
2152
In base 12, what is 9 + 63952?
6395b
In base 6, what is -2315341 - 2?
-2315343
In base 4, what is 0 - -110232001?
110232001
In base 4, what is 11122201000 - 2?
11122200332
In base 9, what is -170 + -14?
-184
In base 9, what is 5 - 456313?
-456307
In base 10, what is -273 - 288?
-561
In base 2, what is -100100100110 + 10101000?
-100001111110
In base 14, what is 62860 + 1?
62861
In base 5, what is -110201 - 1?
-110202
In base 5, what is 14214032 - -14?
14214101
In base 4, what is 3 - -1302113222?
1302113231
In base 16, what is 1232b + -3?
12328
In base 15, what is -e22b - 7?
-e233
In base 12, what is -42b34 + 3?
-42b31
In base 9, what is -24 + 7223?
7188
In base 14, what is 335 + 11?
346
In base 9, what is 0 - -18085?
18085
In base 12, what is -128 - 80a6?
-8212
In base 3, what is 10 - 121012022001?
-121012021221
In base 3, what is -121 - -10120211111?
10120210220
In base 16, what is -11a80 - -2?
-11a7e
In base 9, what is 3704 - -1441?
5245
In base 12, what is 135 - 143?
-a
In base 11, what is 161 + -8a2?
-741
In base 2, what is 1100101101111100 + -101?
1100101101110111
In base 6, what is 4 - 2255253?
-2255245
In base 5, what is -3 + 1000444?
1000441
In base 5, what is 10113 - -211?
10324
In base 15, what is 4 - 9d8a?
-9d86
In base 13, what is -14 - 651?
-665
In base 6, what is 4 - -22354150?
22354154
In base 13, what is a24 - 19a?
857
In base 6, what is -2025 - 243?
-2312
In base 3, what is 12 - 101112020021?
-101112020002
In base 15, what is 7aa + -110?
69a
In base 10, what is -85226 + 0?
-85226
In base 13, what is -3 + -3c44?
-3c47
In base 14, what is 13956 - -3?
13959
In base 5, what is -201 - 14?
-220
In base 11, what is 22a1 + -664?
1738
In base 8, what is -61 - -25542?
25461
In base 11, what is -1 - -3573a?
35739
In base 2, what is 1100101001 - 10001?
1100011000
In base 4, what is -11 - -122211212?
122211201
In base 5, what is 13010400 - 103?
13010242
In base 5, what is -30020432 - 3?
-30020440
In base 16, what is -1d67 + -13?
-1d7a
In base 2, what is -100101100001011000 + -111?
-100101100001011111
In base 4, what is 2 + -1010300?
-1010232
In base 9, what is 117 + 5302?
5420
In base 13, what is 